
45
What is the remainder when 977 is divided by 81?
5
What is the remainder when 311 is divided by 89?
44
Calculate the remainder when 67 is divided by 34.
33
Calculate the remainder when 740 is divided by 77.
47
What is the remainder when 1249 is divided by 125?
124
Calculate the remainder when 742 is divided by 36.
22
Calculate the remainder when 808 is divided by 240.
88
Calculate the remainder when 31 is divided by 13.
5
Calculate the remainder when 708 is divided by 71.
69
Calculate the remainder when 432 is divided by 62.
60
Calculate the remainder when 368 is divided by 120.
8
Calculate the remainder when 79 is divided by 5.
4
What is the remainder when 316 is divided by 88?
52
Calculate the remainder when 2585 is divided by 14.
9
What is the remainder when 1311 is divided by 52?
11
Calculate the remainder when 401 is divided by 81.
77
What is the remainder when 5018 is divided by 21?
20
What is the remainder when 682 is divided by 94?
24
What is the remainder when 341 is divided by 162?
17
What is the remainder when 788 is divided by 22?
18
Calculate the remainder when 10963 is divided by 93.
82
What is the remainder when 446 is divided by 113?
107
Calculate the remainder when 158 is divided by 35.
18
Calculate the remainder when 336 is divided by 141.
54
What is the remainder when 1109 is divided by 546?
17
What is the remainder when 2426 is divided by 267?
23
What is the remainder when 890 is divided by 52?
6
Calculate the remainder when 18 is divided by 12.
6
What is the remainder when 586 is divided by 98?
96
What is the remainder when 108 is divided by 19?
13
What is the remainder when 461 is divided by 124?
89
Calculate the remainder when 37 is divided by 15.
7
What is the remainder when 168 is divided by 45?
33
What is the remainder when 176 is divided by 38?
24
What is the remainder when 266 is divided by 68?
62
Calculate the remainder when 26 is divided by 6.
2
What is the remainder when 397 is divided by 48?
13
Calculate the remainder when 1053 is divided by 522.
9
What is the remainder when 9580 is divided by 11?
10
Calculate the remainder when 1669 is divided by 12.
1
What is the remainder when 21 is divided by 10?
1
What is the remainder when 597 is divided by 40?
37
What is the remainder when 6646 is divided by 25?
21
Calculate the remainder when 152 is divided by 47.
11
Calculate the remainder when 7883 is divided by 33.
29
What is the remainder when 94 is divided by 69?
25
What is the remainder when 74 is divided by 22?
8
Calculate the remainder when 194 is divided by 11.
7
What is the remainder when 114 is divided by 29?
27
Calculate the remainder when 25 is divided by 21.
4
What is the remainder when 1125 is divided by 158?
19
Calculate the remainder when 1401 is divided by 74.
69
What is the remainder when 118 is divided by 34?
16
Calculate the remainder when 15743 is divided by 47.
45
What is the remainder when 382 is divided by 55?
52
Calculate the remainder when 181 is divided by 3.
1
Calculate the remainder when 348 is divided by 9.
6
What is the remainder when 389 is divided by 7?
4
What is the remainder when 1871 is divided by 58?
15
What is the remainder when 181 is divided by 93?
88
What is the remainder when 65 is divided by 33?
32
Calculate the remainder when 1127 is divided by 141.
140
Calculate the remainder when 2038 is divided by 104.
62
What is the remainder when 1731 is divided by 423?
39
What is the remainder when 45 is divided by 13?
6
Calculate the remainder when 583 is divided by 19.
13
Calculate the remainder when 847 is divided by 16.
15
Calculate the remainder when 449 is divided by 27.
17
What is the remainder when 1207 is divided by 205?
182
Calculate the remainder when 4748 is divided by 25.
23
Calculate the remainder when 538 is divided by 15.
13
What is the remainder when 190 is divided by 34?
20
What is the remainder when 46 is divided by 26?
20
What is the remainder when 308 is divided by 297?
11
What is the remainder when 134 is divided by 106?
28
What is the remainder when 3669 is divided by 365?
19
What is the remainder when 103 is divided by 12?
7
Calculate the remainder when 309 is divided by 13.
10
Calculate the remainder when 264 is divided by 3.
0
Calculate the remainder when 702 is divided by 15.
12
What is the remainder when 88 is divided by 30?
28
Calculate the remainder when 167 is divided by 52.
11
What is the remainder when 6557 is divided by 32?
29
What is the remainder when 195 is divided by 33?
30
Calculate the remainder when 944 is divided by 47.
4
Calculate the remainder when 455 is divided by 78.
65
What is the remainder when 253 is divided by 3?
1
Calculate the remainder when 894 is divided by 178.
4
What is the remainder when 2102 is divided by 24?
14
What is the remainder when 90 is divided by 25?
15
What is the remainder when 3181 is divided by 37?
36
Calculate the remainder when 8307 is divided by 30.
27
Calculate the remainder when 73 is divided by 19.
16
What is the remainder when 701 is divided by 23?
11
Calculate the remainder when 315 is divided by 16.
11
Calculate the remainder when 140 is divided by 57.
26
What is the remainder when 173 is divided by 112?
61
What is the remainder when 177 is divided by 62?
53
What is the remainder when 543 is divided by 29?
21
What is the remainder when 344 is divided by 182?
162
Calculate the remainder when 1396 is divided by 16.
4
What is the remainder when 2204 is divided by 221?
215
Calculate the remainder when 469 is divided by 79.
74
Calculate the remainder when 172 is divided by 58.
56
What is the remainder when 341 is divided by 118?
105
What is the remainder when 5021 is divided by 1673?
2
What is the remainder when 3607 is divided by 164?
163
What is the remainder when 2350 is divided by 60?
10
What is the remainder when 1593 is divided by 12?
9
Calculate the remainder when 142 is divided by 36.
34
Calculate the remainder when 2495 is divided by 16.
15
What is the remainder when 23 is divided by 12?
11
Calculate the remainder when 601 is divided by 36.
25
Calculate the remainder when 9364 is divided by 15.
4
What is the remainder when 698 is divided by 85?
18
What is the remainder when 47 is divided by 47?
0
Calculate the remainder when 3185 is divided by 103.
95
What is the remainder when 334 is divided by 20?
14
Calculate the remainder when 181 is divided by 9.
1
Calculate the remainder when 2591 is divided by 12.
11
What is the remainder when 94 is divided by 43?
8
Calculate the remainder when 785 is divided by 172.
97
Calculate the remainder when 453 is divided by 162.
129
What is the remainder when 1373 is divided by 47?
10
Calculate the remainder when 626 is divided by 17.
14
Calculate the remainder when 23 is divided by 9.
5
What is the remainder when 38 is divided by 33?
5
Calculate the remainder when 224 is divided by 76.
72
What is the remainder when 783 is divided by 586?
197
What is the remainder when 3041 is divided by 18?
17
Calculate the remainder when 135 is divided by 35.
30
Calculate the remainder when 233 is divided by 50.
33
What is the remainder when 2191 is divided by 200?
191
What is the remainder when 145 is divided by 19?
12
Calculate the remainder when 110 is divided by 33.
11
What is the remainder when 65 is divided by 19?
8
What is the remainder when 1192 is divided by 73?
24
What is the remainder when 53 is divided by 8?
5
Calculate the remainder when 104 is divided by 46.
12
Calculate the remainder when 869 is divided by 48.
5
Calculate the remainder when 43 is divided by 22.
21
What is the remainder when 548 is divided by 43?
32
Calculate the remainder when 1665 is divided by 263.
87
Calculate the remainder when 346 is divided by 315.
31
Calculate the remainder when 249 is divided by 28.
25
What is the remainder when 268 is divided by 132?
4
Calculate the remainder when 1277 is divided by 147.
101
What is the remainder when 159 is divided by 32?
31
Calculate the remainder when 128 is divided by 11.
7
What is the remainder when 67 is divided by 31?
5
What is the remainder when 891 is divided by 297?
0
Calculate the remainder when 1398 is divided by 14.
12
Calculate the remainder when 524 is divided by 17.
14
What is the remainder when 1885 is divided by 54?
49
What is the remai